 g(m) = -m**3 + 12*m**2 - 12*m + 15. Determine g(i).
4
Let h(o) be the third derivative of -5*o**2 + 0 + 1/120*o**6 - 7/60*o**5 - o**3 + 0*o + 7/24*o**4. Determine h(6).
0
Let n(g) = g - 13 + 6 + 12 - 2 + 0*g. Determine n(-6).
-3
Let t be (-3 + -1)/(8/(-6)). Let w(a) = -t*a + 5*a**2 - 6*a**2 + 12*a - 6. Determine w(8).
2
Let f(l) be the second derivative of 0 + 1/6*l**3 + 2*l**2 + 14*l. Suppose 0 = 2*x - 0*x. Give f(x).
4
Let u(k) be the third derivative of k**4/8 - 17*k**3/6 - k**2 - 43*k. Determine u(7).
4
Let i(g) = -g**2 - 4*g. Let r = -6 - -7. Let k be r + (-2 + 2 - 2). Let y be -4 - (2 + (k - 0)). Give i(y).
-5
Let k(z) = 6 + 23*z - 3 - 27*z. Calculate k(5).
-17
Suppose -2*c + c + 6 = 3*o, -3*c - 2*o = -4. Let l(x) = 65*x + c - 1 - 64*x. Determine l(4).
3
Let h(b) = b**2 - 1. Let z = 252 - 258. Let j(r) = -2*r + 6 - 7*r**2 + 2*r. Let i(k) = z*h(k) - j(k). Calculate i(0).
0
Let j(x) be the second derivative of x**5/20 + 5*x**4/6 + 5*x**3/3 + 9*x**2/2 - 24*x + 2. Determine j(-9).
0
Let g(f) = f + 7*f - 17*f**2 - 1 - 5*f - 3*f. Calculate g(1).
-18
Let r = -339 - -335. Let n(w) be the second derivative of -w**5/20 - w**4/4 + w**3 + 5*w**2/2 - 2*w. Determine n(r).
-3
Let y(h) = 2*h**3 + 65*h**2 - 128*h. Let r(t) = t**3 + 32*t**2 - 64*t. Let i(l) = -5*r(l) + 2*y(l). Give i(-32).
0
Let o be (-12 + 6)/(-6)*-7. Let s(k) = k**3 + 7*k**2 + k + 8. Give s(o).
1
Let i be (-1 - 4)*((-182)/13)/7. Let a(o) = o + 12. Determine a(i).
22
Let j(x) = 3*x**3 - 10*x**2 - 4*x + 28. Let k(s) = 4*s**3 - 15*s**2 - 6*s + 41. Let n(h) = -7*j(h) + 5*k(h). Give n(-4).
1
Let i(j) be the first derivative of j**6/180 - j**4/24 + 5*j**3 + 1. Let o(c) be the third derivative of i(c). Calculate o(1).
1
Suppose -3*w + 55 = -a, a - 8 = -w + 9. Let i(f) = 11*f + 10*f - w*f + 4. Calculate i(-3).
-5
Let x(l) = -l - 6. Let y be x(-18). Suppose -4*p + y = -2*d, -6*d + 2*p = -2*d - 6. Suppose -u = 5, 4*j + u = d*u - 1. Let t(a) = -a**2 - 5*a - 5. Give t(j).
-1
Let n = -9 - -15. Let a(l) = -l**3 - 37*l**2 - 68*l + 72. Let w be a(-35). Let x(m) = -3 - m**3 - 2*m**w - 6 + n. Determine x(-3).
6
Let c(w) = w**2 - w - 2. Let l(k) = 7*k**2 - k - 9. Let f(q) = 6*c(q) - l(q). Give f(-4).
1
Let d(w) = 17 + 55*w + 51*w + 56*w - 155*w. Calculate d(-5).
-18
Let l be 3 + (-2)/2*(0 - 3). Let h(t) = t**3 - 5*t**2 - 7*t + 1. What is h(l)?
-5
Let j(x) = 5*x**2 - 5*x + 2. Let k(b) = 7*b**2 - 4*b + 2. Let q(y) = 4*j(y) - 3*k(y). Determine q(-4).
18
Let f(s) = -s**2 - 20*s - 15. Suppose -14*m - 463 + 197 = 0. Determine f(m).
4
Let t be -6 + (-45)/(-75)*(-10)/(-3). Let m(x) be the first derivative of x**2 - x + 1. Give m(t).
-9
Let c(f) = 2*f + 35. Suppose 41*w + 635 = -103. Determine c(w).
-1
Let a(m) = m**3 - 7*m**2 + m + 3. Let z(u) = 4*u**2 + 7*u + 5. Let d be -3 + 6/(-6) + 2. Let x be z(d). Give a(x).
10
Let o(z) = -z - 5. Let s = -41 - -33. Let l(c) = c + 4. Let h be l(s). Calculate o(h).
-1
Let p be (-1 - (-2)/4) + (-30)/(-4). Let n(y) = y - p - 14 + 6. Give n(0).
-15
Let y(d) be the second derivative of d**3/6 - 2*d**2 - 7*d. Let c be 20/16*(2 + 2). Calculate y(c).
1
Let o(g) be the second derivative of -g**5/20 + 5*g**4/12 - g**2/2 - 40*g - 2. Calculate o(3).
17
Let x(m) = -m**2 - 20*m - 6. Suppose 100 = 9*p - 14*p. Give x(p).
-6
Let p(r) = 4*r**2 + 2*r + 4. Let c(y) = 1. Let t(z) = 5*c(z) - p(z). Let u(s) = -s + 5. Let m be u(4). What is t(m)?
-5
Let i(o) = o + 3. Suppose 5*w - 2*b = 10, 7*w - 2*b = 3*w + 10. Suppose -5*s + 41 = -2*j, w*s = 3*s - 4*j - 33. What is i(s)?
10
Let v(g) = -g**3 + 5*g**2 - 6*g. Suppose 0 = 5*k + 19 - 39. What is v(k)?
-8
Let v(m) = m - 9. Let d(u) = -5. Let t(p) = -5*d(p) + 3*v(p). Give t(4).
10
Suppose -2*h + 5*z + 29 = -4*h, 3*z = -15. Let f(m) be the second derivative of 0 - 30*m + 1/2*m**2 - 1/6*m**3 - 1/4*m**4. Determine f(h).
-9
Suppose 0 = 5*w - 27*v + 26*v - 15, -w - 5*v + 29 = 0. Let g(q) = q**2 - 3*q - 1. What is g(w)?
3
Let t(o) = -2*o**2 + 4*o + 4. Let f be (4 - (-2)/2)*1. Determine t(f).
-26
Let v(o) = -8*o - 2*o + 11*o + 15. What is v(-12)?
3
Let g(l) = l - 1. Suppose 0 = -5*z - 2*n - 7, 8*n - 3*n = -5*z + 5. Let a be 1/z - (-60)/18. Give g(a).
2
Let a(j) be the second derivative of -3*j - 7/6*j**3 + 0 + 3/2*j**2. Determine a(2).
-11
Suppose 4*z + 44 = 52. Let t(n) = 6*n - 3. Let g(l) = 7*l - 3. Let w(j) = 3*g(j) - 4*t(j). Calculate w(z).
-3
Suppose 2*b - 12 + 10 = -4*l, -3*l = -2*b + 30. Let o(k) = k**2 - 9*k + 3. Give o(b).
3
Let q(d) be the third derivative of -11*d**6/360 + d**5/120 + d**4/24 - 11*d**3/6 - 10*d**2. Let r(w) be the first derivative of q(w). Give r(-1).
-11
Let q be (2/2 + -2)*(3 - 100). Let p(a) = 3 - a**2 + q*a + 3 - 93*a - 7. Determine p(3).
2
Suppose -4*h + 76 = -2*m, 2*m + 5*h + 43 = -42. Let v be m/(-15) + (-3)/(-9). Suppose y - 2*y = v. Let w(n) = -3*n + 1. Give w(y).
10
Let b(m) = -9*m + 61. Let o(k) = -3*k + 22. Let q(f) = 4*b(f) - 11*o(f). What is q(3)?
-7
Let f(u) = -16*u - 7. Let s(b) = -7*b - 3. Let i(h) = 3*f(h) - 7*s(h). Calculate i(-2).
-2
Suppose 1 = -3*q - 17. Let g(m) = 2*m + 11. Let y be g(q). Let n(t) = 3*t**2 + 2*t + 1. Calculate n(y).
2
Let n(g) = 4*g + 1. Let a(y) = -3*y - 10. Let k be a(-6). Let j = k - 17. Let f be (-12)/j - 1/3. What is n(f)?
5
Let v(g) = 41*g - 2. Let i be v(1). Suppose 2*j = 13 + i. Let c = -21 + j. Let s(w) = w**3 - 6*w**2 + 6*w + 1. Determine s(c).
6
Suppose 16*k = 125 - 205. Let p(w) = w**3 + 5*w**2 + 3*w + 3. Determine p(k).
-12
Let z(q) = 3*q**2 + 18*q + 7. Let h(v) = -5*v**2 - 27*v - 8. Let w(o) = -2*h(o) - 3*z(o). Determine w(0).
-5
Let m(n) = -2 + 10*n + 3*n + 0*n**2 + n**2 - 7. Determine m(-13).
-9
Let f(v) = -2*v**3 + 54*v**2 + v - 22. Let k(d) = d**2 - 18*d + 83. Let n be k(4). What is f(n)?
5
Let s be (15/120)/(1/8). Let l(b) = -b + s + 7*b - 3*b**2 + 4*b**2. Suppose 2*w + 2 + 4 = 0. What is l(w)?
-8
Let m = 351 + -346. Let h(g) = g. What is h(m)?
5
Let n = -17 + 71. Suppose 5*m + 29 = n. Let d(s) = -s**3 + 5*s**2. Calculate d(m).
0
Let t be 1*(0 + (-3 - 4)). Let c(p) = -8 + 2*p**2 + 6*p + 0*p**2 + 6*p**2 - 10*p**2 + 3*p**2. Determine c(t).
-1
Let c be ((-18)/(-54))/((-3)/((-288)/(-4))). Let z(i) = -i**2 - 13*i - 9. Give z(c).
31
Let s(o) be the third derivative of o**7/2520 - o**6/720 + o**5/12 + 13*o**2. Let f(m) be the third derivative of s(m). Determine f(-5).
-11
Let h(b) = -b**2 - 18*b - 51. Let k(m) = -28*m + 854. Let c be k(31). What is h(c)?
5
Let b = 98 + -97. Let n(j) = 5*j - 6 + 7 - b. Calculate n(5).
25
Let q(m) = m + 2. Suppose -4*k = 2*f - 8 + 20, -2 = -4*f + 5*k. What is q(f)?
0
Let w(d) be the first derivative of -2*d**2 - 14*d + 17. Give w(-5).
6
Let p(g) = 2*g**3 - g - 1. Let k be p(2). Let o = -28 + 18. Let x = o + k. Let t(d) = -d + 4. Calculate t(x).
1
Suppose -3*n = 2*o + 5, 10 = -0*n + n + 3*o. Let m(h) be the third derivative of -h**5/60 - 5*h**4/24 + h**3 + 3*h**2. Determine m(n).
6
Let t(c) = 5*c. Suppose -3*y = 4*k - 1, 5*y - 4*k - 25 = k. Let s(o) = -14*o. Let w(g) = y*s(g) + 8*t(g). Determine w(-1).
2
Let n(m) = 8*m. Let p = 79 + -80. Give n(p).
-8
Suppose -5*q = -10*q. Let c be ((-1)/1)/(1 + 0) - q. Let l(m) = -5*m**3 + 2*m**2 + 2*m + 1. Give l(c).
6
Suppose 0 = -9*w + 250 - 196. Let d(k) = -k**3 + 7*k**2 - 7*k - 8. Give d(w).
-14
Let n(u) = -270*u + 56 - 50 + 271*u. Give n(-9).
-3
Let c be 224/(-36) - (-2)/9. Suppose 0*h - 4*h - 22 = -2*z, -3*z - 2*h = -1. Let f(x) = -2*x + 5 - 13 + 2*x**z + 6*x**2 - x**3 + 0*x**3. What is f(c)?
4
Let i(p) = p**2 + 12. Let r = 2 - -2. Let z(y) = -y**2 + 7*y - 12. Let o be z(r). Give i(o).
12
Let o(g) = 9*g + 6. Let t(w) be the first derivative of 9*w**2/2 + 7*w + 21. Let x(u) = -5*o(u) + 4*t(u). What is x(-2)?
16
Let w(p) be the third derivative of 0*p + 0 + 1/60*p**5 - 30*p**2 + 0*p**4 + 2/3*p**3. Give w(-5).
29
Let m be 1 + -1 + 8/8. Suppose -25 = -13*q + m. Let y(g) = g - 1. Determine y(q).
1
Let s(o) = -3*o + 7. Let l(m) = m**3 - m - 1. Let q be l(2). Give s(q).
-8
Let u(p) = p + 1. Let a(f) = -f**2 - 13*f - 5. Let h be a(-12). Suppose h*z - 12 = 4*z. Let t = -4 - z. What is u(t)?
-7
Let n(j) = -7*j**2 + 4*j - 51. Let f(d) = -11*d**2 + 6*d - 77. Let g(m) = -5*f(m) + 8*n(m). Let w(z) be the first derivative of g(z). Give w(6).
-10
Let x(b) be the second derivative of 0 - 7/6*b**3 - 1/2*b**2 + 5*b. Determi